3
-1012100
What is 112 (base 14) in base 7?
422
What is 2020 (base 6) in base 10?
444
508 (base 11) to base 12
431
-53b (base 13) to base 16
-37f
Convert 14502 (base 6) to base 11.
183a
1841 (base 13) to base 7
13334
Convert -42401 (base 6) to base 16.
-1681
-488 (base 12) to base 16
-2a8
Convert -22188 (base 9) to base 15.
-457b
Convert -12220 (base 6) to base 7.
-5166
10110100110 (base 2) to base 7
4134
What is 101010001 (base 2) in base 12?
241
103 (base 10) to base 4
1213
What is -17266 (base 10) in base 14?
-6414
Convert 464 (base 7) to base 10.
242
Convert 21120202 (base 3) to base 13.
2693
-d4 (base 16) to base 8
-324
1b5 (base 14) to base 16
163
-442324 (base 5) to base 10
-15339
What is 2189 (base 13) in base 12?
2858
aa (base 15) to base 6
424
-2102 (base 6) to base 12
-332
2654 (base 7) to base 9
1352
Convert -54522 (base 7) to base 10.
-13638
Convert -6261 (base 8) to base 12.
-1a69
Convert 3430 (base 5) to base 2.
111101010
3355 (base 7) to base 10
1216
418 (base 10) to base 15
1cd
Convert -7ba (base 12) to base 6.
-5154
-292c4 (base 13) to base 9
-127142
What is 32323 (base 4) in base 12?
677
What is 545 (base 9) in base 11?
376
What is -9d3 (base 15) in base 8?
-4257
Convert 203334 (base 5) to base 16.
1a3f
Convert -500a (base 11) to base 15.
-1e95
-13330 (base 5) to base 2
-10001000010
What is -128 (base 12) in base 10?
-176
-3467 (base 11) to base 15
-1535
What is -13664 (base 7) in base 14?
-1534
-147023 (base 8) to base 4
-30320103
Convert 28148 (base 9) to base 11.
13375
Convert 1011001110 (base 2) to base 13.
433
What is -a57 (base 13) in base 4?
-123202
-422123 (base 5) to base 10
-14038
Convert -21613 (base 7) to base 2.
-1010101001001
61ab (base 14) to base 5
1014221
What is 40013 (base 5) in base 2?
100111001100
What is -1c1 (base 16) in base 7?
-1211
Convert -aa33 (base 16) to base 5.
-2343241
Convert 4473 (base 9) to base 10.
3306
15106 (base 7) to base 3
12201111
25355 (base 6) to base 7
14060
Convert -1124 (base 13) to base 9.
-3252
What is 6370 (base 9) in base 12?
2860
-14205 (base 8) to base 3
-22121111
What is 1001111010 (base 2) in base 3?
212111
801 (base 14) to base 3
2011010
What is -29c8 (base 16) in base 8?
-24710
Convert 23c8c (base 13) to base 8.
200501
Convert 2200 (base 6) to base 9.
620
Convert 965 (base 13) to base 16.
644
13511 (base 6) to base 15
971
What is -1770 (base 8) in base 16?
-3f8
ba7 (base 12) to base 16
6af
-a9b (base 13) to base 12
-1076
4773 (base 13) to base 6
114333
What is -2bb (base 15) in base 6?
-2522
Convert 26704 (base 10) to base 4.
12201100
21a (base 13) to base 14
1bb
What is 1b30 (base 13) in base 12?
2453
Convert -19b (base 14) to base 8.
-515
Convert 2734 (base 16) to base 8.
23464
Convert 21222 (base 3) to base 8.
327
-c6b (base 15) to base 11
-2117
What is -a4 (base 13) in base 7?
-251
What is -11221 (base 3) in base 11?
-111
Convert -2220012 (base 3) to base 7.
-6104
Convert 3230 (base 4) to base 6.
1032
What is -302 (base 12) in base 14?
-230
Convert 1454 (base 6) to base 8.
612
Convert 4b1 (base 13) to base 8.
1464
What is 1218 (base 9) in base 6?
4112
What is 73 (base 13) in base 15?
64
What is -199d (base 15) in base 12?
-3264
What is 63b8 (base 15) in base 4?
11021222
What is 5947 (base 10) in base 2?
1011100111011
-7141 (base 10) to base 9
-10714
What is -59e (base 16) in base 12?
-9ba
567 (base 9) to base 7
1234
Convert 36583 (base 9) to base 13.
b226
Convert 366 (base 7) to base 4.
3003
-1001000100 (base 2) to base 4
-21010
30325 (base 10) to base 8
73165
-315 (base 16) to base 2
-1100010101
What is -612 (base 9) in base 14?
-277
Convert -2131 (base 4) to base 10.
-157
-4456 (base 16) to base 15
-52b4
What is 1732 (base 10) in base 9?
2334
What is -100111100 (base 2) in base 11?
-268
-2c6b (base 14) to base 2
-1111011111111
What is -140 (base 11) in base 5?
-1130
What is -10031 (base 4) in base 6?
-1125
Convert 100111 (base 2) to base 15.
29
What is 148 (base 13) in base 14?
125
-1d1f (base 16) to base 13
-3516
16187 (base 15) to base 6
1305431
Convert 6127 (base 14) to base 9.
24810
What is 66 (base 13) in base 7?
150
What is 44002 (base 5) in base 10?
3002
What is -20212000 (base 4) in base 10?
-35200
3a5 (base 11) to base 9
581
What is -1304303 (base 5) in base 14?
-9470
b43a (base 14) to base 2
111100100101100
What is 2000011101 (base 3) in base 15?
ba74
Convert 60 (base 13) to base 3.
2220
Convert -111100101010011 (base 2) to base 3.
-1120121100
What is 233430 (base 6) in base 16?
4f1a
10001101 (base 3) to base 10
2224
What is -32366 (base 7) in base 12?
-4818
Convert -2031010 (base 4) to base 16.
-2344
Convert 111100101011110 (base 2) to base 12.
15b92
1283 (base 9) to base 3
1022210
Convert -741 (base 8) to base 16.
-1e1
-1494 (base 11) to base 16
-77e
Convert 1c6 (base 13) to base 5.
2311
Convert -552 (base 10) to base 14.
-2b6
413 (base 5) to base 16
6c
-440255 (base 6) to base 3
-1211220222
What is -11341 (base 5) in base 9?
-1140
1121122212 (base 3) to base 9
47585
-577 (base 15) to base 5
-14422
What is -10100001100010 (base 2) in base 5?
-312323
What is -7231 (base 13) in base 14?
-5a57
What is -1277 (base 9) in base 8?
-1701
-117 (base 10) to base 7
-225
Convert 209 (base 12) to base 4.
10221
Convert -1110010101 (base 3) to base 2.
-110111101101010
Convert 1d9d (base 14) to base 3.
21110011
-37c (base 16) to base 11
-741
Convert -1b15 (base 12) to base 4.
-310001
What is 15334 (base 6) in base 3?
10102211
What is -10901 (base 13) in base 16?
-7583
What is -12012 (base 9) in base 15?
-25a5
Convert -2103211 (base 4) to base 3.
-110221211
What is -1111111111 (base 2) in base 15?
-483
Convert -25424 (base 7) to base 11.
-506a
What is -efe (base 16) in base 3?
-12021011
Convert -13a4 (base 11) to base 7.
-5162
Convert -35224 (base 8) to base 9.
-22512
Convert 23246 (base 8) to base 13.
4671
What is 21301202 (base 4) in base 13?
152b7
What is 2012 (base 9) in base 11?
1116
Convert 12145 (base 7) to base 3.
11100101
-31325 (base 7) to base 8
-17040
What is 314 (base 7) in base 10?
158
1b3 (base 13) to base 5
2230
Convert -19f9 (base 16) to base 7.
-25246
317 (base 16) to base 5
11131
What is 133 (base 9) in base 13?
87
What is d0b (base 15) in base 16?
b78
-1001010101011 (base 2) to base 4
-1022223
What is 257 (base 15) in base 3?
201201
-2220203 (base 4) to base 10
-10787
What is 5642 (base 8) in base 10?
2978
3151 (base 9) to base 13
1090
-166e (base 16) to base 11
-4350
-30d (base 14) to base 8
-1131
What is 2006 (base 10) in base 5?
31011
Convert 115c1 (base 14) to base 13.
16347
Convert -17774 (base 8) to base 3.
-102020021
What is 200011 (base 3) in base 5?
3430
Convert -220000212 (base 3) to base 8.
-42157
Convert 34166 (base 8) to base 12.
8446
What is 10107 (base 8) in base 3?
12201100
-5224 (base 7) to base 3
-2111211
Convert -1012020 (base 3) to base 9.
-1166
What is -31ad (base 14) in base 11?
-64a1
2ff2 (base 16) to base 4
2333302
Convert 432 (base 14) to base 12.
590
Convert 1b3 (base 14) to base 4.
11201
What is -110001 (base 2) in base 9?
-54
What is 4424410 (base 5) in base 9?
126374
-21a7 (base 13) to base 15
-15d5
-12133120 (base 4) to base 7
-140335
-1471 (base 14) to base 15
-111c
Convert -2001121 (base 3) to base 15.
-6a1
What is 97c6 (base 15) in base 10?
32136
What is -900e (base 16) in base 4?
-21000032
Convert 214103 (base 5) to base 11.
5620
-14380 (base 9) to base 15
-2d7c
65a8 (base 13) to base 9
21378
What is -299 (base 11) in base 2?
-101011110
130331 (base 4) to base 2
11100111101
What is -25c (base 13) in base 4?
-12133
-430 (base 15) to base 13
-579
1e5d (base 16) to base 14
2b93
-1000101 (base 3) to base 15
-344
What is 608 (base 15) in base 11?
1025
-100000000 (base 2) to base 14
-144
425 (base 7) to base 9
258
104 (base 6) to base 7
55
What is -1011011 (base 2) in base 7?
-160
What is -23153 (base 14) in base 16?
-14d55
-4253 (base 6) to base 4
-33021
1053 (base 11) to base 6
10233
What is -11043 (base 5) in base 2?
-1100000101
-3115 (base 6) to base 8
-1267
What is 544 (base 6) in base 16?
d0
-10001101 (base 2) to base 3
-12020
Convert -16665 (base 11) to base 7.
-125202
Convert -11624 (base 7) to base 9.
-4165
Convert 6672 (base 9) to base 3.
20202102
Convert -9109 (base 15) to base 4.
-13132101
What is -14b8 